 units digit of 8062?
2
What is the units digit of 1371564?
4
What is the thousands digit of 27718080?
8
What is the tens digit of 3068453?
5
What is the hundreds digit of 6789032?
0
What is the tens digit of 1740557?
5
What is the units digit of 768122?
2
What is the hundred thousands digit of 2102763?
1
What is the ten thousands digit of 4501147?
0
What is the tens digit of 117329?
2
What is the tens digit of 326229?
2
What is the ten thousands digit of 22811488?
1
What is the tens digit of 949720?
2
What is the tens digit of 855868?
6
What is the hundreds digit of 110984?
9
What is the thousands digit of 117051?
7
What is the ten thousands digit of 2879119?
7
What is the units digit of 2565512?
2
What is the millions digit of 1874362?
1
What is the thousands digit of 7829790?
9
What is the hundred thousands digit of 1223155?
2
What is the hundreds digit of 378646?
6
What is the thousands digit of 29466213?
6
What is the ten thousands digit of 675394?
7
What is the tens digit of 467422?
2
What is the units digit of 1466495?
5
What is the units digit of 172382?
2
What is the hundred thousands digit of 19990917?
9
What is the hundreds digit of 4035810?
8
What is the thousands digit of 204730?
4
What is the hundred thousands digit of 263249?
2
What is the millions digit of 23022572?
3
What is the tens digit of 19203314?
1
What is the tens digit of 1364230?
3
What is the ten thousands digit of 384956?
8
What is the thousands digit of 14586703?
6
What is the tens digit of 1055443?
4
What is the millions digit of 2481242?
2
What is the tens digit of 132486?
8
What is the ten thousands digit of 4146397?
4
What is the units digit of 445895?
5
What is the hundred thousands digit of 4405757?
4
What is the ten thousands digit of 38996553?
9
What is the hundreds digit of 7269550?
5
What is the hundred thousands digit of 12845346?
8
What is the hundred thousands digit of 974762?
9
What is the tens digit of 1031520?
2
What is the ten thousands digit of 271726?
7
What is the ten thousands digit of 867798?
6
What is the millions digit of 1946010?
1
What is the tens digit of 6284581?
8
What is the thousands digit of 7407008?
7
What is the hundreds digit of 15935243?
2
What is the millions digit of 17131503?
7
What is the tens digit of 11223405?
0
What is the thousands digit of 709505?
9
What is the millions digit of 20472734?
0
What is the tens digit of 423503?
0
What is the tens digit of 43150076?
7
What is the ten thousands digit of 48333?
4
What is the thousands digit of 8883397?
3
What is the thousands digit of 1062429?
2
What is the ten thousands digit of 1826698?
2
What is the ten thousands digit of 1925037?
2
What is the hundred thousands digit of 278401?
2
What is the thousands digit of 1339011?
9
What is the tens digit of 541028?
2
What is the units digit of 95562?
2
What is the thousands digit of 236079?
6
What is the millions digit of 1260780?
1
What is the ten thousands digit of 465843?
6
What is the hundred thousands digit of 1652005?
6
What is the hundred thousands digit of 843954?
8
What is the hundreds digit of 2094840?
8
What is the thousands digit of 1835706?
5
What is the hundred thousands digit of 29238315?
2
What is the ten thousands digit of 27962?
2
What is the ten thousands digit of 2530491?
3
What is the ten thousands digit of 975857?
7
What is the hundreds digit of 137012?
0
What is the ten thousands digit of 481375?
8
What is the ten millions digit of 19433157?
1
What is the hundreds digit of 71030?
0
What is the units digit of 346060?
0
What is the units digit of 8389727?
7
What is the hundred thousands digit of 5117037?
1
What is the hundreds digit of 1526917?
9
What is the ten thousands digit of 756810?
5
What is the tens digit of 151805?
0
What is the hundred thousands digit of 175863?
1
What is the ten millions digit of 33067741?
3
What is the units digit of 218926?
6
What is the hundreds digit of 43736?
7
What is the hundred thousands digit of 188316?
1
What is the hundreds digit of 134309?
3
What is the hundred thousands digit of 2391125?
3
What is the hundreds digit of 1555440?
4
What is the hundred thousands digit of 858665?
8
What is the thousands digit of 5287995?
7
What is the hundreds digit of 896145?
1
What is the hundreds digit of 4018675?
6
What is the hundreds digit of 969358?
3
What is the ten thousands digit of 263256?
6
What is the hundreds digit of 138514?
5
What is the ten thousands digit of 1979644?
7
What is the hundred thousands digit of 113449?
1
What is the tens digit of 3512393?
9
What is the units digit of 287483?
3
What is the units digit of 109641?
1
What is the units digit of 6870429?
9
What is the thousands digit of 9204?
9
What is the units digit of 3979954?
4
What is the tens digit of 811965?
6
What is the tens digit of 782197?
9
What is the ten thousands digit of 52922?
5
What is the ten thousands digit of 20239518?
3
What is the hundred thousands digit of 5253619?
2
What is the thousands digit of 4892483?
2
What is the hundreds digit of 22566?
5
What is the thousands digit of 471082?
1
What is the thousands digit of 376517?
6
What is the units digit of 427346?
6
What is the units digit of 1416709?
9
What is the hundred thousands digit of 33938368?
9
What is the units digit of 743009?
9
What is the tens digit of 11437193?
9
What is the millions digit of 6465116?
6
What is the hundreds digit of 293225?
2
What is the tens digit of 1043310?
1
What is the hundreds digit of 6023140?
1
What is the units digit of 19685178?
8
What is the ten thousands digit of 84149?
8
What is the ten thousands digit of 10175845?
7
What is the thousands digit of 21514?
1
What is the hundred thousands digit of 2302769?
3
What is the tens digit of 1895314?
1
What is the ten thousands digit of 1797769?
9
What is the units digit of 4151407?
7
What is the tens digit of 1086397?
9
What is the ten thousands digit of 199535?
9
What is the thousands digit of 50320?
0
What is the tens digit of 20479059?
5
What is the hundred thousands digit of 9450307?
4
What is the hundreds digit of 448411?
4
What is the hundred thousands digit of 1582484?
5
What is the tens digit of 1081116?
1
What is the ten thousands digit of 7590409?
9
What is the units digit of 153842?
2
What is the thousands digit of 1257391?
7
What is the tens digit of 952874?
7
What is the units digit of 16314658?
8
What is the thousands digit of 3543116?
3
What is the hundreds digit of 6571202?
2
What is the tens digit of 5247560?
6
What is the tens digit of 103192?
9
What is the ten thousands digit of 158662?
5
What is the ten millions digit of 11737145?
1
What is the ten millions digit of 35217278?
3
What is the thousands digit of 4177204?
7
What is the thousands digit of 15497178?
7
What is the tens digit of 187961?
6
What is the hundred thousands digit of 220613?
2
What is the millions digit of 9754056?
9
What is the thousands digit of 4176627?
6
What is the hundred thousands digit of 1393805?
3
What is the tens digit of 11471064?
6
What is the hundreds digit of 207831?
8
What is the hundreds digit of 1013592?
5
What is the ten thousands digit of 351567?
5
What is the hundreds digit of 94058?
0
What is the ten thousands digit of 922297?
2
What is the thousands digit of 41088?
1
What is the thousands digit of 567889?
7
What is the tens digit of 543990?
9
What is the ten thousands digit of 589390?
8
What is the thousands digit of 8714087?
4
What is the tens digit of 306059?
5
What is the hundreds digit of 8527705?
7
What is the hundred thousands digit of 847843?
8
What is the millions digit of 1297209?
1
What is the hundred thousands digit of 730448?
7
What is the millions digit of 1123426?
1
What is the units digit of 2486855?
5
What is the hundred thousands digit of 1539413?
5
What is the millions digit of 20618252?
0
What is the tens digit of 528100?
0
What is the units digit of 424194?
4
What is the hundred thousands digit of 11487025?
4
What is the hundreds digit of 189147?
1
What is the units digit of 6600347?
7
What is the thousands digit of 2721614?
1
What is the hundred thousands digit of 3401396?
4
What is the ten thousands digit of 143182?
4
What is the ten thousands digit of 817760?
1
What is the millions digit of 15827645?
5
What is the units digit of